est common factor of 61 and g?
61
Let y be (-8)/3*(-36)/24. Suppose -6*u = -y*u - 50. What is the greatest common factor of u and 10?
5
Suppose -5*g + 5*s - 3*s - 61 = 0, 3*s = g + 7. Let a be 7/(-2) + (-1)/(-2). Let v be (19 + -16)*g/a. Calculate the greatest common divisor of 117 and v.
13
Let m be (3 - 1)/(1 + 0). Suppose k + 4*x = 6, 9 = 3*k - k + 5*x. Suppose 0 = 3*q - m*q - k. What is the highest common factor of q and 1?
1
Let b = -64 - -80. Suppose -5*o = -4*o - b. What is the greatest common factor of o and 80?
16
Let f(r) = 2*r + 42. Let b be f(0). Let x be 2/12 + 9401/b. Calculate the highest common factor of 32 and x.
32
Suppose 14 = i - 5*c, -29 = -5*c - 39. What is the highest common divisor of 92 and i?
4
Suppose 5*n = 75 + 75. Suppose q = 4*q - n. Suppose 5*c - v - 408 = 3*v, 0 = v + 2. What is the highest common factor of c and q?
10
Let b(g) = 8*g - 11. Let w(d) = -15*d + 21. Let u(c) = -5*b(c) - 3*w(c). Let o = -7 + 11. Let n be u(o). What is the greatest common divisor of n and 3?
3
Let j(m) be the second derivative of -m**4/12 - m**3 + 23*m**2/2 + 16*m. Let d be j(-7). What is the greatest common divisor of 16 and d?
16
Let r(o) = 2*o**2 - 22*o + 91. Let l be r(6). What is the highest common factor of l and 434?
31
Let o(l) = -l**3 - l**2 + 6*l - 3. Let k be o(-3). Let b be k/(-6)*(-1 + 3) + 98. Let u = -8 + 19. Calculate the greatest common factor of b and u.
11
Suppose 0*v + 42 = 3*v. Let p = v - 12. Suppose p*o + 12 = 3*o. Calculate the highest common divisor of o and 36.
12
Suppose 0 = 5*t - 5*q - 655, -3*t = t - q - 515. Suppose 22 - 6 = c. Calculate the highest common factor of t and c.
16
Let n(h) = 3*h**2 - 7*h - 6. Let z be n(-1). Let s = 499 - z. Calculate the highest common factor of s and 45.
45
Suppose -289 = -5*z + j + 2*j, -j = -2*z + 115. Let p = 46 - 42. Suppose 0 = p*d - 119 + 7. Calculate the highest common divisor of d and z.
28
Let q be (12/(-8))/((-3)/6). Let y be (1 + q)/((-2)/(-6)). What is the greatest common divisor of 18 and y?
6
Let t = 1 + 67. Calculate the highest common divisor of t and 8.
4
Suppose -7*r - 90 = -5*r. Let g be (-234)/r + 1/(-5). Let k(s) = s - 3. Let u be k(5). Calculate the highest common divisor of u and g.
1
Let h(w) = 49*w - 378. Let b be h(16). Calculate the highest common divisor of 56 and b.
14
Let r be (-524)/(-26) - (-56)/(-364). Let j be (0 - 1/2)*2. Let v be 10/(j*2/(-4)). Calculate the highest common divisor of v and r.
20
Let f = 89 + 79. Suppose g = z + 550 + 212, 2*g - 1536 = -z. Suppose 4*s - g = -5*n, -s + 5*n + 11 + f = 0. What is the greatest common divisor of 21 and s?
21
Let i = 8 - -167. Calculate the greatest common divisor of 50 and i.
25
Let u(d) be the first derivative of -d**4/4 + 2*d**3 + 7*d**2/2 + 6*d - 3. Let z be u(7). What is the greatest common factor of 54 and z?
6
Suppose -2*l + 17 = -5*b, -4*l + 41 = b - 26. Let f(p) = -p**2 + 20*p + 26. Let d be f(l). Calculate the greatest common divisor of d and 36.
18
Suppose 0 = -2*h - h + 39. Let x = h - 8. Let k(t) = t**3 - 4*t**2 - 3*t - 3. Let s be k(x). What is the greatest common factor of s and 7?
7
Suppose -7 - 15 = -2*k. Let t = 32 + -64. Let j = -10 - t. What is the greatest common divisor of k and j?
11
Let t(w) = 13*w**2 + 7 + 11*w + 2 + 15 - 6 + w**3. Let y be t(-12). Calculate the greatest common factor of y and 270.
30
Suppose 2 = 4*o - 3*o. Suppose -o*n - 2 = a - 4*a, -5*n + 25 = 0. Let g(s) = 2*s - 4. Let y be g(a). What is the greatest common factor of 20 and y?
4
Let c = 202 + 2681. Calculate the highest common factor of 93 and c.
93
Let y = 229 - 141. Calculate the highest common factor of y and 8.
8
Let v be 6/(-9)*(-12)/2. Suppose -280 = v*c + 5*i + 37, 2*c + 157 = -i. Let p = -56 - c. What is the highest common divisor of 55 and p?
11
Let d = -829 + 842. Calculate the highest common divisor of d and 6.
1
Let s be (-102)/(-1) - (66/22 + -1). Suppose 2*b - 256 = -5*f - 0*b, -5*f - 5*b = -265. What is the greatest common factor of f and s?
50
Let z be (28 + -2 - 2)*1. Suppose -67 = -5*f - 7. Suppose 2*a = -0*a + f. Calculate the greatest common divisor of a and z.
6
Suppose 6*i = 11*i. Suppose 20 = 5*f, -s + f + i = -2. What is the greatest common divisor of 18 and s?
6
Suppose 29*w + 4*f - 567 = 0, 60 = -3*w + 7*w - 4*f. Suppose -d = 4*o - 149, 3*d - 12 = 2*o - 97. What is the highest common factor of o and w?
19
Suppose 3*f - 2 = -5. Let v be (0 - f)/((-10)/(-230)). Calculate the greatest common factor of 23 and v.
23
Let m = 51 - 27. What is the highest common factor of 204 and m?
12
Let j = -20 - 4. Let m be (2 - -1)/(j/32). Let v be (5 + m + 3)/4. Calculate the greatest common divisor of v and 3.
1
Suppose -3*u - 3 = 3. Suppose -4*z = b - 5*z + 11, -4*z + 20 = 0. Let p be 66 + b + (-2 - u). What is the highest common factor of p and 12?
12
Let b = -45 - -53. Calculate the highest common divisor of 296 and b.
8
Suppose -4*w + 72 = -0*w. Let z = w + -13. Suppose 0 = -z*d + 5*q + 90, 0*q = d + 3*q - 2. Calculate the greatest common divisor of 154 and d.
14
Suppose 30*g - 34*g - 4*f + 560 = 0, 0 = -5*g - f + 680. Let h = -34 + 49. Calculate the greatest common factor of h and g.
15
Let c = 92 - 44. Suppose a - 5*y + 14 = 0, 2*a + 3*y = -y. Let r be a/3*(-12 - -3). What is the highest common divisor of c and r?
12
Suppose 3*r - 68 = -2*s, -2*s - r - 39 = -3*s. Suppose 0 = 2*c - 19 - s. Calculate the greatest common factor of c and 7.
7
Let h = 345 + -313. What is the greatest common factor of 4 and h?
4
Suppose -5*v + 21 = 3*h, -h - v = -5 - 0. Let a be 13/(h + -3 - -2). Let p = a + -6. Calculate the highest common factor of 77 and p.
7
Suppose -4*h - 34 = -122. Let x(l) be the third derivative of 11*l**4/24 + 11*l**3/3 - 20*l**2. Let c be x(4). Calculate the greatest common divisor of c and h.
22
Let f = -3 + 5. Let z(y) = -y + 21. Suppose 6*p - 56 - 58 = 0. Let h be z(p). What is the highest common factor of f and h?
2
Let z = 196 + -168. Calculate the greatest common factor of 42 and z.
14
Let v(n) = -6 + 3*n - 2*n - 2*n. Let d be v(-16). Let z(o) = o - 4. Let u be z(d). What is the greatest common divisor of 30 and u?
6
Let a = 7 + -10. Let v = a + 18. What is the highest common divisor of 165 and v?
15
Suppose 791*q + 1495 = 792*q. Calculate the highest common divisor of q and 65.
65
Let g = -616 + 623. What is the greatest common divisor of g and 28?
7
Let o(x) = -8*x - 7. Let z be o(-1). Calculate the greatest common factor of 139 and z.
1
Suppose 3*z - 11 = -4*s - 3, 0 = -s - 2*z + 2. Let d be (24/(-72))/(s/(-30)). Calculate the greatest common divisor of 2 and d.
1
Suppose -6*z + 47 = 11. Let w be 30/((2/(-8))/(z/(-48))). Calculate the highest common factor of 6 and w.
3
Let v be 0/(-2*1/(-2)). Suppose -5*j + 5*i + 60 = v, -j - 4*i + 48 = j. Let g = -374 + 390. Calculate the greatest common factor of j and g.
16
Let g be ((-6)/(-4))/((-30)/160). Let h be g/12 + (-95)/(-3). Calculate the highest common factor of 217 and h.
31
Let j = 25 + -35. Let a(m) = -35*m - 2. Let x be a(j). Suppose 2*o - 4*v = -7*v + 135, -x = -5*o - 4*v. What is the highest common factor of 36 and o?
36
Let w(a) be the third derivative of -a**4/3 - a**3/2 + 2*a**2. Let s be w(-4). Suppose 67*p - 24795 = -28*p. Calculate the highest common divisor of p and s.
29
Let p(u) = -u**2 + 1 + 2*u + 0*u**2 - 3*u**2 + 5*u**2. Let v be p(5). Suppose -v = 2*k - 5*k. What is the highest common factor of k and 132?
12
Let q(f) = -19*f - 6*f**2 - 2*f**3 + 3*f**3 + 0*f**3 + 13*f + 7. Let y be q(7). What is the greatest common factor of y and 7?
7
Suppose 396 = 5*h + 4*i, 0 = 2*i + 51 - 59. What is the greatest common divisor of h and 19?
19
Let j be (2/(-4))/((-108)/3672). Suppose -5*q = 266 - 1031. What is the greatest common divisor of q and j?
17
Let a = 18 - 18. Suppose 3*p - 2*p = a. Suppose 3*t - 5*y = 101, p = -2*t - 2*y - 0*y + 94. What is the greatest common factor of t and 28?
14
Let v be -18*10/3*(-12)/16. What is the highest common factor of v and 60?
15
Suppose 3*g = -2*f, -g = -3*g - 3*f - 5. Suppose 0 = -4*h + 2*v + 2*v + 436, 0 = 2*h + g*v - 202. Calculate the highest common divisor of h and 15.
15
Suppose -2*o = -2253 + 2221. Let d(h) = -h + 1. Let y be d(-3). Calculate the highest common factor 